k + 23 = -5*q - 27, -3*k + p = -4*q. Let v(r) = -r - 7. What is v(k)?
-2
Let h(z) = z - 9. Let d(j) = -1. Let o(l) = -l - 3. Let i(b) = 3*d(b) - o(b). Let v be i(0). Give h(v).
-9
Let b(a) be the third derivative of -a**2 - 1/12*a**4 - 1/12*a**5 + 0*a - 1/120*a**6 + 0 + 1/6*a**3. What is b(-4)?
-7
Let h(j) be the first derivative of j**5/20 + 5*j**4/12 - j**3/3 - 7*j**2/2 + 5*j - 4. Let i(c) be the first derivative of h(c). Calculate i(-5).
3
Let l(t) = -t**2 + 1. Let x(f) = -5*f**2 + 7*f + 6. Let y(d) = 6*l(d) - x(d). Determine y(-7).
0
Suppose 5*z - 6 = -5*k + 4, 0 = 3*k - 9. Let i(s) = -7*s. Give i(z).
7
Let r(v) be the third derivative of 1/720*v**6 - 1/30*v**5 - v**2 + 1/12*v**4 + 0*v**3 + 0 + 0*v. Let b(w) be the second derivative of r(w). Determine b(3).
-1
Let o(b) be the first derivative of 1/3*b**3 + 0*b**2 - 4 + b. Suppose -11 - 4 = 4*m - 5*x, -3 = 3*m - x. Give o(m).
1
Let o(k) = -11 - k**2 - k + 8 + 7. Determine o(-4).
-8
Let w(r) = -r - 1. Let v(c) = c**2 + c - 2. Let g be v(-3). Suppose -g*x + 16 = -0*x. Determine w(x).
-5
Let n(m) = m**2. Let j(g) be the first derivative of g**4/4 + 5*g**3/3 - g**2 - 6*g - 2. Let u be j(-5). Suppose -u*o - 3 = -o. Calculate n(o).
1
Let g(u) = u**3 - 7*u**2 + 7*u. Suppose 2*j - 12 = -0*j. Calculate g(j).
6
Suppose 9 = -3*o + 21. Suppose -o*z = -2*z + 2. Let s(w) be the second derivative of 2*w**5/5 + w**4/12 - w**3/6 - w**2/2 + w. Determine s(z).
-7
Let w = -23 + 8. Let i = w - -10. Let g(s) = s**3 + 4*s**2 - 8*s - 5. Determine g(i).
10
Let v = 2 + 0. Let r(w) = -v + w**2 + 5 - 4. Give r(0).
-1
Let x(s) = -7*s. Suppose 0 = 7*p + 101 - 94. Give x(p).
7
Let x(z) = -z**2 + 3*z + 5. Let f be x(4). Let y(k) be the first derivative of 3*k**4/4 + k**3/3 - k + 6. What is y(f)?
3
Let x = 71 - 75. Let o(s) = -2*s**2 - 5*s + 2. Calculate o(x).
-10
Suppose 3*f = -2*f - d + 21, -3*f + d = -11. Let w(s) = -9*s + 2 + 3*s + s**2 + 1. Calculate w(f).
-5
Let l(c) = -c**2 - 6*c - 7. Let d = 7 - -12. Suppose 8 + 6 = -o - 3*q, -2*q + d = -5*o. Determine l(o).
-2
Let d(y) be the third derivative of 0 - y**2 + 1/12*y**4 + 0*y + 1/2*y**3. Determine d(-4).
-5
Let y be (0 + 1 + 0)/1. Let c be (4 + 130/(-15))*-6. Let n(o) = -11*o + c*o - 8*o - 8*o. Give n(y).
1
Let p(u) = 3*u - 2*u - 3 + 0. Let z be 2/((4/(-6))/(-2)). Determine p(z).
3
Let c(b) = b**2 + 4*b - 1. Let g(m) = m**2 - 5*m + 6. Let s be g(4). Suppose s*p + p = 0. Suppose p = 3*i - 4*v - 10, v = 2*i. Calculate c(i).
-5
Let k(u) = 2*u - 1. Let h = -6 + 0. Determine k(h).
-13
Let a(n) = -2*n**3 - 2*n**2 + 3*n + 3. Let l be (-2)/(-4 + 6/2). Suppose -l*p = -4*p - 4. Give a(p).
5
Suppose 0 = m + 3*m - 8. Let s = m + 0. Let u(b) = 2*b**2 - 2*b + 3. Give u(s).
7
Let d(j) = j**3 + 5*j**2 - j - 6. Let g be (11/4)/(1/(-4)). Let w = g + 6. Let p be d(w). Let u(s) = -4*s**3 + 2*s + 1. Calculate u(p).
3
Let z(j) = j + 4. Let t be z(0). Suppose 2*n - 2 = -3*w - 5, 0 = 5*w - t*n - 17. Let o(a) = -35*a + 35*a + 1 + 9*a**2. What is o(w)?
10
Let j(o) = -2*o**2 - o. Suppose 2*n - 16 = -2*n. Let a = n - 6. Give j(a).
-6
Let n(s) = s**3 - 1. Let v(w) = -4*w**3 - 3*w**2 + 3*w + 6. Let h(r) = 3*n(r) + v(r). Let j = -9 - -5. Determine h(j).
7
Let n(h) = 3*h - 4. Let b(k) = 0*k - 2 - 2*k - 1 + k**2 + 3*k. Let d be b(-3). Calculate n(d).
5
Suppose 4*t = 4 + 4. Let r(a) = -2*a. Determine r(t).
-4
Let n(y) be the first derivative of y**3/3 + 7*y**2/2 - y + 7. Calculate n(-6).
-7
Let u be -2 - (2*-4 - -1). Let s = 2 - -1. Let k(d) = -2 - d**s - 4*d**2 - 3*d - d + 2*d**3 + 3. What is k(u)?
6
Let h(j) be the second derivative of -j**6/120 + 7*j**5/60 + j**4/24 - j**3/3 - 3*j**2/2 - 7*j. Let u(q) be the first derivative of h(q). Give u(7).
5
Let m(x) = -5*x + 3. Let d = -5 + 8. Let j(k) = 9*k - 6. Let u(i) = d*j(i) + 5*m(i). Calculate u(6).
9
Let r(f) = f**2 - 6*f + 6. Let y be -1 - 21*-3*(-1)/(-9). What is r(y)?
6
Let q be (-2)/(-2)*6/(-2). Let i be (-4)/((5 - 3) + -4). Let t(z) = -z + i*z - 3*z + 4*z + 4 + z**2. What is t(q)?
7
Let z(o) = 4*o - 7. Let k(d) = 2*d - 3. Let a(j) = -7*k(j) + 3*z(j). Suppose 4*m - 14 = 6. Suppose f + 12 = 5*f + 2*h, 0 = m*h. Determine a(f).
-6
Let o = -5 + 27. Suppose 19*i + 6 = o*i. Let f(h) = h**3 + h**2. Let z(u) = -2*u**3 - 3*u**2 - 2*u + 3. Let a(t) = -3*f(t) - z(t). What is a(i)?
-7
Let w = 57 - 60. Let h(c) be the first derivative of -c**4/4 - 4*c**3/3 - 5*c**2/2 - 3*c - 1. Calculate h(w).
3
Let d(b) = 8*b - 7 - 10*b + 7*b. What is d(5)?
18
Let q(b) = -b**2. Suppose -2*d = d. Let l be d - (-1*2 + 0). What is q(l)?
-4
Let l be (1/1)/((-2)/10). Let p be (-1)/(3/6) - l. Let f(r) be the third derivative of r**5/30 - 5*r**4/24 + r**3/2 - 6*r**2. Calculate f(p).
6
Let x(f) = 1 - 3 + 0 - 2*f. What is x(2)?
-6
Let d(z) be the second derivative of -z**3 + z**2/2 - z. Determine d(-1).
7
Suppose -k + 3*v - 4 = 0, 7*v - 14 = -3*k + 3*v. Let w(z) be the second derivative of 2/3*z**3 + 0 + 2*z + 0*z**2. Give w(k).
8
Let i = 10 - 9. Let p be i - 4 - (1 - 4). Let z(c) = -c**2 - 1. Calculate z(p).
-1
Let s be (-320)/12 + 2/(-6). Let p = s + 22. Let d(n) = -4*n + 1 - 1 - n**2. Calculate d(p).
-5
Let t(j) = j + 1. Let x(p) = -p**3 - 6*p**2 - 10*p - 13. Let k(g) = -6*t(g) - x(g). Determine k(-5).
12
Let u(h) = -3*h + 2. Let p = 45 - 41. Calculate u(p).
-10
Suppose 0 = -3*v + w + w - 4, -3*v - 9 = -3*w. Let t(b) = -b**3 + 2*b**2 + 2*b - 2. What is t(v)?
2
Let q(w) = -w**2 - 9*w - 1. Let r(f) = 5*f**2 + 46*f + 6. Let d(b) = 11*q(b) + 2*r(b). Calculate d(-4).
13
Let u(j) = 3*j**3 + 2*j**2 + 6*j - 11. Let x(c) = -2*c**3 - 3*c**2 - 5*c + 10. Let y(p) = 3*u(p) + 4*x(p). What is y(6)?
-5
Let g(b) = -b - 3. Suppose -4*l + 2*h = 20 + 42, -3*l - 14 = 5*h. Let a = 10 + l. Give g(a).
0
Let z(n) = -5*n**2 - 5*n. Let a(u) = -3*u**2 - 3*u. Suppose 5*x + 29 + 6 = 0. Let b(k) = x*a(k) + 4*z(k). Determine b(-3).
6
Let u be (28/(-8))/((-2)/4). Let f(b) = -b**2 + 10*b. Give f(u).
21
Let y(r) = -r. Let d(a) = a + 1. Let m(t) = -4*d(t) - 3*y(t). Let n(j) = j**2 - 4*j. Let x be n(3). What is m(x)?
-1
Let x(u) = -4*u + 7. Let c be x(3). Let b(o) = o + 6. Give b(c).
1
Let x(s) = -5*s**2 - 1. Let z(q) = -q - 1. Let w be z(0). Let l = 2 + w. Determine x(l).
-6
Let n(c) = -3*c**2 + 4*c - 3. Let t(d) = -d**3 - 3*d**2 - 2*d - 4. Let s be t(-3). Calculate n(s).
-7
Suppose a + 5*m = 37, -6*a + 58 = -2*a + 2*m. Suppose 3*h + 4*z - a = 0, 9 = -0*h - 3*h + 3*z. Let c(n) = 0 + h + 2 - n**2 - 2*n. Calculate c(2).
-6
Suppose 0 = -4*v - 5*c - 8 + 24, 0 = -5*c + 20. Suppose 0 = -0*n + 5*n - 10. Let f(r) = 0 - n*r + 1 + r. Give f(v).
2
Let o(z) = 4*z**2 - z - 7. Let m(c) = 5*c**2 - 7. Let d(p) = -5*m(p) + 6*o(p). Suppose -2*j + 0*j + 15 = -3*t, 4*t + 20 = 4*j. Give d(t).
-2
Let f(l) = -2417*l + 2 + 4829*l - 2411*l - 4. Let i(m) = m**2 + 6*m + 6. Let q be i(-6). Let n = q - 4. Give f(n).
0
Suppose 4*b - 2*q = 10, 20 = 3*b + 2*b - q. Suppose -b*k = -18 - 12. Let x(w) = w**2 - 6*w - 3. Calculate x(k).
-3
Let w = 10 + -7. Let i(g) = -2*g**3 + 4*g**3 + 5*g + 4*g**2 + 3 - 3*g**w. Suppose -a = -0*a - 5. Determine i(a).
3
Suppose 7 - 11 = -4*d. Let k(j) = -16*j - 1. Give k(d).
-17
Let s(u) = u + 1. Let j be s(5). Let b(i) = -i**2 + 6*i - 7. What is b(j)?
-7
Let i = 0 - -1. Suppose 0 = -3*o + 17 - 2. Let l(p) = -o*p + 2*p - 3*p. Calculate l(i).
-6
Let h(m) = 5*m**3 + 9*m**3 + 2*m**2 + 1 + 2*m + 0*m**3. Determine h(-1).
-13
Let w(v) = -v. Let c be (-228)/(-44) - 12/66. Determine w(c).
-5
Let t(c) = -c - 1 - c + 2. Let r = 6 + -3. Suppose 5*h - 7 = -r*w, 1 = 2*w + 3*h - 4. Determine t(w).
-7
Let s(i) = i**2 + 3*i + 1. Let p = -8 - -8. Let k = -2 - p. What is s(k)?
-1
Let j(o) = -7*o + 1. Suppose q - 21 + 10 = 5*w, 3*q + 2*w = -18. Let l be 1*q/(-3 - 1). What is j(l)?
-6
Suppose f + 0 - 5 = 0. Let x(k) = 6*k**2 - f*k + 6*k + 4*k**3 - 5*k**3. Determine x(6).
6
Suppose 2*p + 3 = -c, 0 = p - c + 4 - 1. Let t(o) = -2*o**3 - 4*o**2 - 4*o - 2. What is t(p)?
6
Let k(r) be the second derivative of 0 + 4*r + 2/3*r**3 - 1/6*r**4 + 2*r**2. Calculate k(4).
-12
Let u(y) = y**3 - 7*y**2 + 5*y - 6. Let s = 209 + -203. Calculate u(s).
-12
Suppose -5*x + 70 = 5*r, 3 - 1 = 3*r - 5*x. Let o be (3/r)/(2/(-12)). Let a(n) = -5*n - 3. Determine a(o).
7
Let p(a) = a - 6. Let c(i) = -i**3 - 9*i**2 - 11*i - 18. Let q be c(-8). Give p(q).
0
Suppose 